or of 370 and 444?
74
Calculate the highest common factor of 1512 and 30.
6
What is the greatest common divisor of 32920 and 5?
5
Calculate the highest common factor of 45 and 180.
45
What is the greatest common factor of 12747 and 63?
21
Calculate the greatest common factor of 286 and 11.
11
What is the greatest common factor of 5808 and 12?
12
What is the greatest common factor of 5307 and 3?
3
What is the highest common divisor of 66 and 363?
33
What is the highest common divisor of 1649 and 357?
17
Calculate the highest common divisor of 21 and 12579.
21
What is the highest common divisor of 28 and 14?
14
Calculate the highest common divisor of 76 and 28.
4
What is the highest common divisor of 2266 and 1442?
206
Calculate the greatest common factor of 135 and 225.
45
What is the greatest common factor of 122 and 19581?
61
Calculate the greatest common factor of 19 and 1919.
19
What is the highest common factor of 26 and 52?
26
Calculate the greatest common divisor of 168 and 728.
56
Calculate the greatest common factor of 2856 and 56.
56
What is the highest common divisor of 20 and 260?
20
Calculate the greatest common factor of 68 and 188.
4
Calculate the greatest common factor of 2706 and 264.
66
What is the greatest common factor of 775 and 50?
25
What is the greatest common divisor of 10 and 12895?
5
Calculate the highest common factor of 60 and 105.
15
Calculate the greatest common divisor of 264 and 1812.
12
Calculate the highest common factor of 611 and 2418.
13
Calculate the highest common divisor of 655 and 115.
5
Calculate the greatest common divisor of 5565 and 315.
105
What is the highest common factor of 1157 and 65?
13
Calculate the greatest common divisor of 4315 and 10.
5
What is the greatest common divisor of 1012 and 308?
44
Calculate the greatest common factor of 1088 and 64.
64
What is the greatest common divisor of 32 and 13936?
16
Calculate the greatest common factor of 22 and 77.
11
What is the greatest common factor of 16 and 748?
4
Calculate the highest common factor of 48 and 20688.
48
What is the greatest common factor of 77175 and 75?
75
Calculate the highest common factor of 387 and 43.
43
What is the highest common factor of 30 and 852?
6
Calculate the greatest common divisor of 612 and 234.
18
What is the highest common divisor of 20 and 50?
10
What is the greatest common factor of 193 and 26441?
193
What is the greatest common divisor of 3393 and 348?
87
Calculate the highest common divisor of 814 and 888.
74
Calculate the highest common divisor of 80 and 760.
40
What is the highest common factor of 10541 and 508?
127
Calculate the greatest common factor of 220 and 16.
4
Calculate the highest common divisor of 57 and 16473.
57
What is the highest common factor of 480 and 640?
160
What is the greatest common divisor of 704 and 12?
4
Calculate the greatest common factor of 48 and 18.
6
Calculate the greatest common divisor of 507 and 65.
13
Calculate the highest common factor of 16 and 312.
8
What is the greatest common factor of 64 and 544?
32
What is the highest common divisor of 125642 and 22?
22
Calculate the greatest common factor of 21 and 35.
7
Calculate the greatest common divisor of 741 and 117.
39
Calculate the highest common divisor of 8475 and 75.
75
What is the highest common divisor of 448 and 56?
56
Calculate the highest common divisor of 5250 and 504.
42
Calculate the greatest common divisor of 13 and 221.
13
Calculate the greatest common factor of 1560 and 40.
40
Calculate the greatest common factor of 2 and 6.
2
What is the highest common factor of 1819 and 34?
17
What is the highest common divisor of 192 and 32?
32
What is the highest common factor of 25 and 4175?
25
Calculate the highest common divisor of 15360 and 50.
10
What is the greatest common divisor of 164 and 2378?
82
Calculate the greatest common divisor of 24 and 228.
12
Calculate the greatest common divisor of 6887 and 97.
97
Calculate the greatest common divisor of 270 and 20.
10
What is the highest common factor of 70 and 155?
5
What is the highest common divisor of 1431 and 265?
53
Calculate the greatest common divisor of 66 and 891.
33
Calculate the greatest common divisor of 931 and 38.
19
What is the greatest common factor of 4941 and 81?
81
What is the greatest common factor of 156 and 130?
26
Calculate the greatest common divisor of 12 and 138.
6
Calculate the highest common divisor of 3978 and 204.
102
What is the highest common divisor of 136 and 10744?
136
What is the highest common divisor of 560 and 105?
35
Calculate the highest common factor of 19 and 2.
1
What is the greatest common factor of 250 and 425?
25
What is the greatest common divisor of 185 and 148?
37
What is the highest common divisor of 7872 and 288?
96
Calculate the highest common factor of 2009 and 1025.
41
What is the highest common divisor of 12 and 15?
3
Calculate the greatest common divisor of 2424 and 120.
24
What is the highest common divisor of 4563 and 234?
117
Calculate the greatest common divisor of 10 and 410.
10
What is the highest common factor of 299 and 46?
23
What is the greatest common divisor of 231 and 903?
21
Calculate the highest common divisor of 7968 and 96.
96
Calculate the greatest common divisor of 130 and 1690.
130
Calculate the highest common factor of 27 and 4023.
27
Calculate the greatest common divisor of 94 and 1034.
94
What is the greatest common divisor of 9676 and 41?
41
What is the highest common divisor of 110 and 370?
10
What is the highest common factor of 114 and 18?
6
Calculate the highest common factor of 39 and 13.
13
Calculate the greatest common factor of 108 and 12996.
36
Calculate the highest common factor of 16616 and 31.
31
What is the highest common factor of 18 and 564?
6
Calculate the highest common factor of 15 and 12.
3
What is the highest common factor of 9307 and 41?
41
What is the highest common divisor of 8 and 664?
8
What is the highest common divisor of 14 and 21?
7
Calculate the highest common factor of 140 and 3528.
28
Calculate the greatest common factor of 56 and 917.
7
Calculate the highest common factor of 4 and 586.
2
What is the highest common divisor of 84 and 35?
7
What is the greatest common factor of 7 and 1?
1
What is the greatest common factor of 266 and 76?
38
Calculate the greatest common factor of 414 and 46.
46
What is the highest common factor of 654 and 78?
6
What is the highest common factor of 117 and 2?
1
Calculate the highest common factor of 3 and 81.
3
What is the greatest common factor of 76 and 20672?
76
Calculate the highest common factor of 76 and 38.
38
Calculate the highest common divisor of 29 and 493.
29
What is the highest common factor of 1248 and 456?
24
Calculate the greatest common factor of 55 and 55.
55
What is the greatest common factor of 6 and 2?
2
What is the highest common factor of 1490 and 10?
10
What is the greatest common divisor of 384 and 6?
6
What is the highest common divisor of 85 and 68?
17
Calculate the highest common divisor of 143 and 594.
11
What is the greatest common divisor of 30 and 30?
30
What is the greatest common factor of 39 and 1911?
39
Calculate the greatest common factor of 53 and 689.
53
What is the highest common factor of 84 and 2058?
42
What is the highest common factor of 1070 and 70?
10
Calculate the highest common factor of 63 and 14.
7
Calculate the greatest common factor of 1647 and 2379.
183
What is the greatest common factor of 128 and 288?
32
Calculate the greatest common factor of 944 and 4602.
118
Calculate the highest common divisor of 35 and 301.
7
Calculate the greatest common factor of 13153 and 7.
7
Calculate the highest common factor of 924 and 429.
33
What is the highest common factor of 48 and 60?
12
Calculate the highest common factor of 376 and 517.
47
Calculate the highest common divisor of 80 and 13960.
40
Calculate the highest common divisor of 15 and 390.
15
Calculate the greatest common factor of 7791 and 689.
53
What is the greatest common divisor of 736 and 322?
46
Calculate the greatest common divisor of 72 and 27.
9
What is the greatest common divisor of 38 and 76?
38
Calculate the greatest common divisor of 20 and 3790.
10
Calculate the highest common divisor of 76 and 8.
4
Calcul